.
11
Suppose 4*g - 184 + 120 = 0. Suppose l + 2 - 13 = 0. Suppose c = -5*t + 34 + l, 4*c - 159 = t. What is the highest common divisor of c and g?
8
Suppose 0*h + 5*z = h - 127, 2*h + 2*z = 230. Let t = 49 + -33. Suppose 0 = 3*s - t - 23. What is the highest common factor of h and s?
13
Let v be -1*2/(-6)*-3. Suppose 0 = -0*s + 5*s + 20. Let h be v*-4*(-3 - s). What is the greatest common divisor of h and 32?
4
Let s(d) = 4*d**3 - d**2 - d + 1. Let x be s(1). Let n(v) = -v**3 - v. Let r be n(-1). Let l = 5 - r. Calculate the greatest common factor of l and x.
3
Let l be (-58 - (-5 - -2))*-1. Suppose -2*s + 4*t = t - 3, -50 = 5*s + 4*t. Let h = s - -11. What is the greatest common divisor of l and h?
5
Suppose y + 419 = 4*y + 2*p, 4*p = 16. Suppose 103 = -w - q, 3*w + y = 2*q - 197. Let u be 24/w - 148/(-18). Calculate the greatest common divisor of 72 and u.
8
Let y(z) = z**3 - 13*z**2 + 32*z - 13. Let w be y(10). Let n(q) = -q**2 - 14*q - 17. Let h be n(-9). Calculate the highest common factor of w and h.
7
Let o = -1284 - -1287. Let p(x) = x**3 + x - 112. Let f be p(0). Let m be (-18)/4*f/o. What is the highest common factor of m and 24?
24
Suppose 0 = 2*q + q + 3*y - 27, 0 = 2*q + 5*y - 9. Let z be (-368)/(-96) - 25/30. What is the greatest common factor of q and z?
3
Let s be 225/375 + (-1026)/(-15). Calculate the greatest common factor of s and 69.
69
Suppose 5*m - 5*y = 530, -78 - 144 = -2*m - 3*y. What is the highest common divisor of m and 12?
12
Let p(q) be the third derivative of -q**6/60 - q**5/15 + q**4/24 - 2*q**3/3 - 10*q**2. Let m be p(-4). What is the highest common factor of m and 8?
8
Suppose -p - 5*r - 20 = 0, -5*p + 3*p + 2*r + 20 = 0. Calculate the highest common divisor of p and 5.
5
Suppose 2*z + 1 = -g, -5*z - 3 = 3*g - 2. Let m(n) = n**2 - n - 1. Let t be m(-1). Let c = t + 5. What is the highest common divisor of g and c?
3
Let s(g) = 15*g - 4. Let w be s(2). Let h be (1 + 30/4)*w. Let f = h + -78. Calculate the greatest common factor of 13 and f.
13
Suppose -5*x - 8 = -18. Let p be (-75)/(-12) - x/8. Calculate the greatest common divisor of 3 and p.
3
Suppose -59*g = -69*g + 380. What is the greatest common factor of 323 and g?
19
Suppose -612 = 12*m - 16*m. Let b = 15 + -14. Let l be ((-34)/6)/b*-3. What is the greatest common divisor of l and m?
17
Let l = -39 + 47. Calculate the greatest common divisor of 344 and l.
8
Let n be (-6 - -2) + 2 + 7. Let w(m) = 523*m - 1026. Let x be w(2). Calculate the greatest common divisor of x and n.
5
Let r be 5/(10/6) - 0. Suppose 5*o + 4*x = -40 + 241, 131 = r*o + 5*x. What is the highest common divisor of o and 259?
37
Let q be (182/(-52))/((-1)/54). Calculate the highest common factor of 42 and q.
21
Let i(q) = q**2 + 25*q + 171. Let r be i(-7). What is the highest common factor of 765 and r?
45
Suppose 2*d + 2 = 0, 2*d = -2*b + 89 - 23. Calculate the highest common divisor of 272 and b.
34
Suppose -2 - 10 = -2*s. Suppose -4*a = s - 10. What is the highest common divisor of 1 and a?
1
Let q be 4 + (1 - 2) + 4 + -5. Suppose -124 + 353 = q*s + m, 3*s - 316 = 4*m. What is the greatest common divisor of s and 14?
14
Let w be -51*(96/(-18) + 5). Suppose 28 + 74 = 6*b. Calculate the greatest common factor of w and b.
17
Let g(t) = -54*t + 19. Let d be g(5). Let h = 372 + d. What is the greatest common factor of h and 11?
11
Let d(y) = y**2 - 17*y + 36. Let u be d(17). What is the greatest common divisor of 162 and u?
18
Let o = -1026 + 1178. Calculate the greatest common factor of 16 and o.
8
Let b be 7/28 - 7/(-4). Suppose -h = 5*v - 437, -b*h - 74 = 3*v - 332. Calculate the highest common divisor of 8 and v.
8
Let j be (-27)/(-63) - 120/(-14). Let t = -16 + 12. Let x be -1 - (294 + -2)/t. Calculate the highest common divisor of x and j.
9
Let w be 8*-1*(-21)/2. Suppose -u + 11 + 3 = -2*n, 0 = 4*u - 8. Let m = n + 62. What is the highest common factor of m and w?
28
Suppose -2*f + m + 620 + 83 = 0, -5*f - 3*m + 1763 = 0. Suppose -62 = -2*z - 2*w, -4*w + 163 = 5*z - 7*w. What is the highest common factor of f and z?
32
Suppose -2*h - 4 + 18 = 0. Let u be (-8)/(-6) + (-1)/3. Suppose -3*d + 2 = -u. What is the greatest common divisor of h and d?
1
Suppose -62*b - 2*p = -65*b + 63, 2*b - 44 = 2*p. Suppose 5*y = 3*c + 374, -2*y + 5*c = 3*y - 370. Calculate the greatest common divisor of b and y.
19
Let x = -499 + 642. What is the highest common factor of 13 and x?
13
Let b = 241 + -225. Calculate the greatest common divisor of b and 56.
8
Suppose 3*y + 36 = 5*y. Let r be 44 + 2 + -6 + 14. What is the greatest common factor of y and r?
18
Let t be (10 - 6)/(4/58). Suppose -t = 4*k - 1210. Calculate the highest common factor of k and 36.
36
Let h be ((-34 - -4) + 0)*(-36)/15. What is the highest common divisor of 27 and h?
9
Suppose 3*f + 276 = 9*f. What is the highest common factor of 115 and f?
23
Let m = 46 + -37. Let n = -53 - -125. What is the greatest common factor of m and n?
9
Let p = 21 + -8. Let j(n) = -n**3 + 13*n**2 + 15*n - 19. Let b be j(p). Calculate the highest common factor of 16 and b.
16
Suppose -339 = -4*k + c, 2*k - 5*c + 72 = 237. Calculate the highest common factor of 5 and k.
5
Suppose -41 = -5*u - 16. Suppose 5*y - 3*b - 1965 = 0, -1208 = -3*y + b - u*b. What is the highest common divisor of y and 36?
36
Let t be 39/26*(-2262)/(-9). What is the highest common factor of t and 26?
13
Suppose -73*c + 70*c + 18 = 0. Suppose -5*d + 38 = -3*d. Suppose 7 = y + l - c, 3*l = -y + d. Calculate the highest common divisor of 90 and y.
10
Suppose -104 = -3*f + 61. Suppose -f = -11*q + 6*q. What is the highest common factor of q and 11?
11
Let m(r) = 2*r**2 + 6*r + 1. Let g be m(-8). Let t = -21 + g. What is the highest common divisor of 15 and t?
15
Let r = -900 + 1056. What is the highest common factor of 144 and r?
12
Let n(y) = -21*y + 902. Let h be n(39). What is the greatest common divisor of 3071 and h?
83
Let f = -17 - -20. Suppose 4*s - 41 = 4*c + 35, -3*c + 69 = f*s. What is the greatest common divisor of s and 14?
7
Let l(w) be the third derivative of -w**5/60 - 19*w**4/24 + 9*w**3/2 + 8*w**2. Let n be l(-18). Calculate the highest common factor of 30 and n.
15
Suppose -x = -1 - 1. Suppose -5*k = -4*v + 78, 0*v + x*v - k = 36. Let u be 1015/20 - 2/(-8). Calculate the highest common divisor of u and v.
17
Let w(g) = 15*g - 347. Let d be w(33). Calculate the highest common divisor of d and 370.
74
Suppose -h = 7 - 11. Suppose -h*w + 1 - 17 = 0. Let c be (-66 + w)/((-1)/1). What is the highest common factor of 35 and c?
35
Let t(n) be the first derivative of n**2/2 - 7*n - 4. Let w be t(5). Let f be 705/20 - w/(-8). Calculate the greatest common divisor of 5 and f.
5
Let m(k) = -2*k + 23. Let j be m(11). Let z be -3*j/(-3 + 2). Suppose 3*f = a + 41, 5*a + z = -f + 6. What is the highest common divisor of f and 13?
13
Suppose -4*j + 123 = -5*s, -5*j = -s + 4*s - 126. What is the highest common factor of j and 12?
3
Suppose -x + 4*w + 28 = 0, -3*x - 72 + 241 = 5*w. Let z be (18/12 - (0 + 1))*0. Suppose z = 10*o - 9*o - 24. Calculate the greatest common factor of o and x.
24
Let k be 65/4 - 1/4. Let d = -23 - -23. Let r = 24 + d. What is the highest common divisor of r and k?
8
Let x(d) = d**3 + 17*d**2 + 29*d + 54. Let o be x(-15). What is the highest common divisor of o and 1587?
69
Suppose 5 = -2*v - 5. Suppose 2*l + l = 51. Let h = v + l. What is the greatest common divisor of 12 and h?
12
Let d(l) = -25*l - 2. Let m be d(-10). Suppose -4*w = -4*b - 116, 2*b + 0*b = w - 58. Let t = b - -60. Calculate the greatest common divisor of m and t.
31
Let f be (-5)/10 + -1 - 17/(-2). Suppose -f*c = -10*c + 720. Calculate the greatest common divisor of c and 15.
15
Suppose 0 = 4*d - 13 + 1. Suppose 3*n - 4 = 5*w, -4*n + 3 = -d*n. Suppose 21 - 56 = -5*l. What is the greatest common divisor of l and w?
1
Let a = -24 + 27. Suppose a*j = 9 - 3. Let f be j*13*(4 - 3). What is the greatest common divisor of 26 and f?
26
Let t(b) = b**3 + 9*b**2 + 14*b - 8. Let y be t(-4). Calculate the highest common divisor of 24 and y.
8
Let d be 32 - (21 + -8 + -5). What is the greatest common divisor of 150 and d?
6
Let u = -382 - -462. Suppose 5 - 25 = -s. Calculate the greatest common divi